{"id":504,"date":"2023-06-26T05:59:03","date_gmt":"2023-06-26T05:59:03","guid":{"rendered":"https:\/\/fr.colaw.uobaghdad.edu.iq\/?page_id=504"},"modified":"2026-02-12T09:49:52","modified_gmt":"2026-02-12T09:49:52","slug":"%d8%b9%d9%86-%d8%a7%d9%84%d9%83%d9%84%d9%8a%d8%a9-%d8%a7%d9%84%d9%81%d8%b1%d9%86%d8%b3%d9%8a","status":"publish","type":"page","link":"https:\/\/fr.colaw.uobaghdad.edu.iq\/?page_id=504","title":{"rendered":"\u00c0 propos de la Facult\u00e9"},"content":{"rendered":"<div class=\"wpb-content-wrapper\"><p>[vc_row equal_height=&#8221;yes&#8221; content_placement=&#8221;top&#8221; css=&#8221;.vc_custom_1687759140426{background-image: url(https:\/\/en.colaw.uobaghdad.edu.iq\/wp-content\/uploads\/sites\/73\/2022\/08\/Untitled-5.jpg?id=392) !important;}&#8221;][vc_column]<div id=\"cz_73514\" class=\"cz_73514 cz_title clr cz_title_pos_inline\"><a href=\"https:\/\/fr.colaw.uobaghdad.edu.iq\/?page_id=828\" title=\"\u00c0 propos du Coll\u00e8ge \u062c\u062f\u064a\u062f\" aria-label=\"\u00c0 propos du Coll\u00e8ge \u062c\u062f\u064a\u062f\"><div class=\"cz_title_content\"><div class=\"cz_wpe_content\"><h3 style=\"text-align: justify;\"><span style=\"font-size: 20px; font-family: 'Times New Roman';\"><strong><span style=\"color: #ffffff;\">La facult\u00e9 de droit de l&#8217;universit\u00e9 de Bagdad est consid\u00e9r\u00e9e comme l&#8217;un des coll\u00e8ges prestigieux qui revendique sa pr\u00e9s\u00e9ance sur les universit\u00e9s irakiennes, arabes et internationales. Elle a \u00e9t\u00e9 fond\u00e9e en 1908. \u00c0 une \u00e9poque o\u00f9 l&#8217;Universit\u00e9 de Bagdad n&#8217;a \u00e9t\u00e9 cr\u00e9\u00e9e que 50 ans apr\u00e8s la date de fondation de ce coll\u00e8ge&#8230;<\/span>. <\/strong><\/span><!--more--><\/h3>\n<\/div><\/div><\/a><\/div>[\/vc_column][\/vc_row][vc_row][vc_column]<div class=\"cz_gap clr \" style=\"height: 50px\"><\/div>[\/vc_column][\/vc_row][vc_row parallax=&#8221;0&#8243; title=&#8221;\u0645\u062c\u0644\u0633 \u0643\u0644\u064a\u0629&#8221; btn_position=&#8221;cz_btn_block&#8221; icon_type=&#8221;icon&#8221; icon_position=&#8221;after&#8221; btn_effect=&#8221;cz_btn_shine&#8221; text_effect=&#8221;cz_btn_txt_no_fx&#8221; hide_on_d=&#8221;&#8221; hide_on_t=&#8221;&#8221; hide_on_m=&#8221;&#8221; parallax_h=&#8221;&#8221; parallax_stop=&#8221;&#8221; mparallax=&#8221;0&#8243; id=&#8221;cz_92258&#8243; link=&#8221;url:https%3A%2F%2Fcolaw.uobaghdad.edu.iq%2F%3Fpage_id%3D15199|||&#8221; sk_button=&#8221;font-size:30px;background-color:transparent;background-image:linear-gradient(45deg,#000000,#102e5e,#000000);border-radius:15px 0 15px 0;&#8221; sk_hover=&#8221;border-radius:0 15px 0 15px;color:#ffffff;&#8221; icon=&#8221;fa fa-angle-double-right&#8221; subtitle=&#8221;&#8221; sk_button_mobile=&#8221;&#8221; sk_button_tablet=&#8221;&#8221; sk_subtitle=&#8221;&#8221; sk_subtitle_mobile=&#8221;&#8221; sk_subtitle_tablet=&#8221;&#8221; sk_subtitle_hover=&#8221;&#8221; cz_title=&#8221;&#8221; image=&#8221;&#8221; hover_image=&#8221;&#8221; image_size=&#8221;&#8221; sk_icon=&#8221;&#8221; sk_icon_mobile=&#8221;&#8221; sk_icon_hover=&#8221;&#8221; alt_title=&#8221;&#8221; alt_subtitle=&#8221;&#8221; sk_brfx=&#8221;&#8221; anim_delay=&#8221;&#8221; class=&#8221;&#8221; cz_button=&#8221;&#8221;][vc_column]<div class=\"cz_btn_block\"><div class=\"cz_108300_p\"><a id=\"cz_108300\" class=\"cz_108300 cz_btn cz_btn_txt_no_fx cz_btn_shine cz_btn_icon_after\" href=\"https:\/\/fr.colaw.uobaghdad.edu.iq\/?page_id=370\" target=\"_blank\" title=\"College of Law in Numbers\" aria-label=\"College of Law in Numbers\"><span><strong>La facult\u00e9 du droit en chiffres<\/strong><i class=\"fa fa-angle-double-right\"><\/i><\/span><b class=\"cz_btn_onhover\"><strong>La facult\u00e9 du droit en chiffres<\/strong><i class=\"fa fa-angle-double-right\"><\/i><\/b><\/a><\/div><\/div><div class=\"cz_gap clr \" style=\"height: 25px\"><\/div>[\/vc_column][\/vc_row][vc_row gap=&#8221;10&#8243; title=&#8221;\u0645\u062c\u0644\u0633 \u0643\u0644\u064a\u0629&#8221; btn_position=&#8221;cz_btn_block&#8221; icon_type=&#8221;icon&#8221; icon_position=&#8221;after&#8221; btn_effect=&#8221;cz_btn_shine&#8221; text_effect=&#8221;cz_btn_txt_no_fx&#8221; hide_on_d=&#8221;&#8221; hide_on_t=&#8221;&#8221; hide_on_m=&#8221;&#8221; parallax_h=&#8221;&#8221; parallax_stop=&#8221;&#8221; mparallax=&#8221;0&#8243; id=&#8221;cz_92258&#8243; link=&#8221;url:https%3A%2F%2Fcolaw.uobaghdad.edu.iq%2F%3Fpage_id%3D15199|||&#8221; sk_button=&#8221;font-size:30px;background-color:transparent;background-image:linear-gradient(45deg,#000000,#102e5e,#000000);border-radius:15px 0 15px 0;&#8221; sk_hover=&#8221;border-radius:0 15px 0 15px;color:#ffffff;&#8221; icon=&#8221;fa fa-angle-double-right&#8221; subtitle=&#8221;&#8221; sk_button_mobile=&#8221;&#8221; sk_button_tablet=&#8221;&#8221; sk_subtitle=&#8221;&#8221; sk_subtitle_mobile=&#8221;&#8221; sk_subtitle_tablet=&#8221;&#8221; sk_subtitle_hover=&#8221;&#8221; cz_title=&#8221;&#8221; image=&#8221;&#8221; hover_image=&#8221;&#8221; image_size=&#8221;&#8221; sk_icon=&#8221;&#8221; sk_icon_mobile=&#8221;&#8221; sk_icon_hover=&#8221;&#8221; alt_title=&#8221;&#8221; alt_subtitle=&#8221;&#8221; sk_brfx=&#8221;&#8221; anim_delay=&#8221;&#8221; class=&#8221;&#8221; cz_button=&#8221;&#8221;][vc_column width=&#8221;1\/3&#8243;]<div class=\"cz_btn_block\"><div class=\"cz_57642_p\"><a id=\"cz_57642\" class=\"cz_57642 cz_btn cz_btn_txt_no_fx cz_btn_shine cz_btn_icon_after hide_on_tablet hide_on_mobile show_on_desktop\" href=\"https:\/\/fr.colaw.uobaghdad.edu.iq\/?page_id=60\" target=\"_blank\" title=\"Professeurs\" aria-label=\"Professeurs\"><span><strong>Professeurs<\/strong><i class=\"fa fa-angle-double-right\"><\/i><\/span><b class=\"cz_btn_onhover\"><strong>Professeurs<\/strong><i class=\"fa fa-angle-double-right\"><\/i><\/b><\/a><\/div><\/div><div class=\"cz_btn_block\"><div class=\"cz_28729_p\"><a id=\"cz_28729\" class=\"cz_28729 cz_btn cz_btn_txt_no_fx cz_btn_shine cz_btn_icon_after hide_on_desktop\" href=\"https:\/\/fr.colaw.uobaghdad.edu.iq\/?page_id=60\" target=\"_blank\" title=\"Teaching Staff\" aria-label=\"Teaching Staff\"><span><strong>Professeurs<\/strong><i class=\"fa fa-angle-double-right\"><\/i><\/span><b class=\"cz_btn_onhover\"><strong>Professeurs<\/strong><i class=\"fa fa-angle-double-right\"><\/i><\/b><\/a><\/div><\/div><div class=\"cz_gap clr \" style=\"height: 25px\"><\/div>[\/vc_column][vc_column width=&#8221;1\/3&#8243;]<div class=\"cz_btn_block\"><div class=\"cz_109558_p\"><a id=\"cz_109558\" class=\"cz_109558 cz_btn cz_btn_txt_no_fx cz_btn_shine cz_btn_icon_after hide_on_tablet hide_on_mobile show_on_desktop\" href=\"https:\/\/fr.colaw.uobaghdad.edu.iq\/?page_id=612\" target=\"_blank\" title=\"Conseil du coll\u00e8ge\" aria-label=\"Conseil du coll\u00e8ge\"><span><strong>Conseil du coll\u00e8ge<\/strong><i class=\"fa fa-angle-double-right\"><\/i><\/span><b class=\"cz_btn_onhover\"><strong>Conseil du coll\u00e8ge<\/strong><i class=\"fa fa-angle-double-right\"><\/i><\/b><\/a><\/div><\/div><div class=\"cz_btn_block\"><div class=\"cz_45199_p\"><a id=\"cz_45199\" class=\"cz_45199 cz_btn cz_btn_txt_no_fx cz_btn_shine cz_btn_icon_after hide_on_desktop\" href=\"https:\/\/fr.colaw.uobaghdad.edu.iq\/?page_id=612\" target=\"_blank\" title=\"Conseil du coll\u00e8ge\" aria-label=\"Conseil du coll\u00e8ge\"><span><strong>Conseil du coll\u00e8ge<\/strong><i class=\"fa fa-angle-double-right\"><\/i><\/span><b class=\"cz_btn_onhover\"><strong>Conseil du coll\u00e8ge<\/strong><i class=\"fa fa-angle-double-right\"><\/i><\/b><\/a><\/div><\/div><div class=\"cz_gap clr \" style=\"height: 25px\"><\/div>[\/vc_column][vc_column width=&#8221;1\/3&#8243;]<div class=\"cz_btn_block\"><div class=\"cz_91769_p\"><a id=\"cz_91769\" class=\"cz_91769 cz_btn cz_btn_txt_no_fx cz_btn_shine cz_btn_icon_after hide_on_tablet hide_on_mobile show_on_desktop\" href=\"https:\/\/fr.colaw.uobaghdad.edu.iq\/?page_id=84\" target=\"_blank\" title=\"Branches scientifiques\" aria-label=\"Branches scientifiques\"><span><strong>Branches scientifiques<\/strong><i class=\"fa fa-angle-double-right\"><\/i><\/span><b class=\"cz_btn_onhover\"><strong>Branches scientifiques<\/strong><i class=\"fa fa-angle-double-right\"><\/i><\/b><\/a><\/div><\/div><div class=\"cz_btn_block\"><div class=\"cz_59504_p\"><a id=\"cz_59504\" class=\"cz_59504 cz_btn cz_btn_txt_no_fx cz_btn_shine cz_btn_icon_after hide_on_desktop\" href=\"https:\/\/en.colaw.uobaghdad.edu.iq\/?page_id=488\" target=\"_blank\" title=\"College  Members\" aria-label=\"College  Members\"><span><strong>Branches scientifiques<\/strong><i class=\"fa fa-angle-double-right\"><\/i><\/span><b class=\"cz_btn_onhover\"><strong>Branches scientifiques<\/strong><i class=\"fa fa-angle-double-right\"><\/i><\/b><\/a><\/div><\/div><div class=\"cz_gap clr \" style=\"height: 25px\"><\/div>[\/vc_column][\/vc_row][vc_row][vc_column]<div class=\"cz_gap clr \" style=\"height: 50px\"><\/div>[\/vc_column][\/vc_row][vc_row][vc_column width=&#8221;1\/3&#8243;]<div id=\"cz_84539\" class=\"cz_84539 cz_banner clr\">\n\t\t\t<figure class=\"effect-style17\">\n\t\t\t\t<img loading=\"lazy\" decoding=\"async\" width=\"400\" height=\"250\" src=\"https:\/\/fr.colaw.uobaghdad.edu.iq\/wp-content\/uploads\/sites\/102\/2023\/07\/dean-fr.png\" class=\"attachment-full\" alt=\"\" title=\"dean fr\" srcset=\"https:\/\/fr.colaw.uobaghdad.edu.iq\/wp-content\/uploads\/sites\/102\/2023\/07\/dean-fr.png 400w, https:\/\/fr.colaw.uobaghdad.edu.iq\/wp-content\/uploads\/sites\/102\/2023\/07\/dean-fr-300x188.png 300w\" sizes=\"auto, (max-width: 400px) 100vw, 400px\" \/>\n\t\t\t\t<figcaption><div><\/div><a href=\"https:\/\/fr.colaw.uobaghdad.edu.iq\/?page_id=300\" target=\"_blank\" title=\"Les doyens du coll\u00e8ge \u00e0 travers le temps\" aria-label=\"Les doyens du coll\u00e8ge \u00e0 travers le temps\"> <\/a><\/figcaption>\t\t\t\n\t\t\t<\/figure>\n\t\t<\/div>[\/vc_column][vc_column width=&#8221;1\/3&#8243;]<div id=\"cz_22646\" class=\"cz_22646 cz_banner clr\">\n\t\t\t<figure class=\"effect-style17\">\n\t\t\t\t<img loading=\"lazy\" decoding=\"async\" width=\"500\" height=\"300\" src=\"https:\/\/fr.colaw.uobaghdad.edu.iq\/wp-content\/uploads\/sites\/102\/2023\/07\/\u062f\u0644\u064a\u0644.jpg\" class=\"attachment-full\" alt=\"\" title=\"\u062f\u0644\u064a\u0644\" srcset=\"https:\/\/fr.colaw.uobaghdad.edu.iq\/wp-content\/uploads\/sites\/102\/2023\/07\/\u062f\u0644\u064a\u0644.jpg 500w, https:\/\/fr.colaw.uobaghdad.edu.iq\/wp-content\/uploads\/sites\/102\/2023\/07\/\u062f\u0644\u064a\u0644-300x180.jpg 300w\" sizes=\"auto, (max-width: 500px) 100vw, 500px\" \/>\n\t\t\t\t<figcaption><div><\/div><a href=\"https:\/\/drive.google.com\/file\/d\/1A3bqzXn9EyKOmPmDkcgxcPXbB2TVxWer\/view?usp=sharing\" target=\"_blank\" title=\"Guide\" aria-label=\"Guide\"> <\/a><\/figcaption>\t\t\t\n\t\t\t<\/figure>\n\t\t<\/div>[\/vc_column][vc_column width=&#8221;1\/3&#8243;]<div id=\"cz_53600\" class=\"cz_53600 cz_banner clr\">\n\t\t\t<figure class=\"effect-style17\">\n\t\t\t\t<img loading=\"lazy\" decoding=\"async\" width=\"400\" height=\"250\" src=\"https:\/\/fr.colaw.uobaghdad.edu.iq\/wp-content\/uploads\/sites\/102\/2023\/07\/vision-fr.jpg\" class=\"attachment-full\" alt=\"\" title=\"vision fr\" srcset=\"https:\/\/fr.colaw.uobaghdad.edu.iq\/wp-content\/uploads\/sites\/102\/2023\/07\/vision-fr.jpg 400w, https:\/\/fr.colaw.uobaghdad.edu.iq\/wp-content\/uploads\/sites\/102\/2023\/07\/vision-fr-300x188.jpg 300w\" sizes=\"auto, (max-width: 400px) 100vw, 400px\" \/>\n\t\t\t\t<figcaption><div><\/div><a href=\"https:\/\/fr.colaw.uobaghdad.edu.iq\/?page_id=429\" target=\"_blank\" title=\"Vision, message et objectifs du coll\u00e8ge\" aria-label=\"Vision, message et objectifs du coll\u00e8ge\"> <\/a><\/figcaption>\t\t\t\n\t\t\t<\/figure>\n\t\t<\/div>[\/vc_column][\/vc_row][vc_row][vc_column]<div class=\"cz_gap clr \" style=\"height: 50px\"><\/div>[\/vc_column][\/vc_row][vc_row gap=&#8221;10&#8243; title=&#8221;\u0645\u062c\u0644\u0633 \u0643\u0644\u064a\u0629&#8221; btn_position=&#8221;cz_btn_block&#8221; icon_type=&#8221;icon&#8221; icon_position=&#8221;after&#8221; btn_effect=&#8221;cz_btn_shine&#8221; text_effect=&#8221;cz_btn_txt_no_fx&#8221; hide_on_d=&#8221;&#8221; hide_on_t=&#8221;&#8221; hide_on_m=&#8221;&#8221; parallax_h=&#8221;&#8221; parallax_stop=&#8221;&#8221; mparallax=&#8221;0&#8243; id=&#8221;cz_92258&#8243; link=&#8221;url:https%3A%2F%2Fcolaw.uobaghdad.edu.iq%2F%3Fpage_id%3D15199|||&#8221; sk_button=&#8221;font-size:30px;background-color:transparent;background-image:linear-gradient(45deg,#000000,#102e5e,#000000);border-radius:15px 0 15px 0;&#8221; sk_hover=&#8221;border-radius:0 15px 0 15px;color:#ffffff;&#8221; icon=&#8221;fa fa-angle-double-right&#8221; subtitle=&#8221;&#8221; sk_button_mobile=&#8221;&#8221; sk_button_tablet=&#8221;&#8221; sk_subtitle=&#8221;&#8221; sk_subtitle_mobile=&#8221;&#8221; sk_subtitle_tablet=&#8221;&#8221; sk_subtitle_hover=&#8221;&#8221; cz_title=&#8221;&#8221; image=&#8221;&#8221; hover_image=&#8221;&#8221; image_size=&#8221;&#8221; sk_icon=&#8221;&#8221; sk_icon_mobile=&#8221;&#8221; sk_icon_hover=&#8221;&#8221; alt_title=&#8221;&#8221; alt_subtitle=&#8221;&#8221; sk_brfx=&#8221;&#8221; anim_delay=&#8221;&#8221; class=&#8221;&#8221; cz_button=&#8221;&#8221;][vc_column width=&#8221;1\/2&#8243;]<div class=\"cz_btn_block\"><div class=\"cz_91572_p\"><a id=\"cz_91572\" class=\"cz_91572 cz_btn cz_btn_txt_no_fx cz_btn_shine cz_btn_icon_after hide_on_tablet hide_on_mobile show_on_desktop\" href=\"https:\/\/fr.colaw.uobaghdad.edu.iq\/?page_id=611\" target=\"_blank\" title=\"Divisions et unit\u00e9s administratives\" aria-label=\"Divisions et unit\u00e9s administratives\"><span><strong>Divisions et unit\u00e9s administratives<\/strong><i class=\"fa fa-angle-double-right\"><\/i><\/span><b class=\"cz_btn_onhover\"><strong>Divisions et unit\u00e9s administratives<\/strong><i class=\"fa fa-angle-double-right\"><\/i><\/b><\/a><\/div><\/div><div class=\"cz_btn_block\"><div class=\"cz_74327_p\"><a id=\"cz_74327\" class=\"cz_74327 cz_btn cz_btn_txt_no_fx cz_btn_shine cz_btn_icon_after hide_on_desktop\" href=\"https:\/\/fr.colaw.uobaghdad.edu.iq\/?page_id=611\" target=\"_blank\" title=\"Divisions et unit\u00e9s administratives\" aria-label=\"Divisions et unit\u00e9s administratives\"><span><strong>Divisions et unit\u00e9s administratives<\/strong><i class=\"fa fa-angle-double-right\"><\/i><\/span><b class=\"cz_btn_onhover\"><strong>Divisions et unit\u00e9s administratives<\/strong><i class=\"fa fa-angle-double-right\"><\/i><\/b><\/a><\/div><\/div><div class=\"cz_gap clr \" style=\"height: 20px\"><\/div>[\/vc_column][vc_column width=&#8221;1\/2&#8243;]<div class=\"cz_btn_block\"><div class=\"cz_22510_p\"><a id=\"cz_22510\" class=\"cz_22510 cz_btn cz_btn_txt_no_fx cz_btn_shine cz_btn_icon_after hide_on_tablet hide_on_mobile show_on_desktop\" href=\"https:\/\/fr.colaw.uobaghdad.edu.iq\/?page_id=299\" target=\"_blank\" title=\"Mus\u00e9e de la Facult\u00e9\" aria-label=\"Mus\u00e9e de la Facult\u00e9\"><span><strong>Mus\u00e9e de la facult\u00e9<\/strong><i class=\"fa fa-angle-double-right\"><\/i><\/span><b class=\"cz_btn_onhover\"><strong>Mus\u00e9e de la facult\u00e9<\/strong><i class=\"fa fa-angle-double-right\"><\/i><\/b><\/a><\/div><\/div><div class=\"cz_btn_block\"><div class=\"cz_14720_p\"><a id=\"cz_14720\" class=\"cz_14720 cz_btn cz_btn_txt_no_fx cz_btn_shine cz_btn_icon_after hide_on_desktop\" href=\"https:\/\/fr.colaw.uobaghdad.edu.iq\/?page_id=299\" target=\"_blank\" title=\"Mus\u00e9e de la facult\u00e9\" aria-label=\"Mus\u00e9e de la facult\u00e9\"><span><strong>Mus\u00e9e de la facult\u00e9<\/strong><i class=\"fa fa-angle-double-right\"><\/i><\/span><b class=\"cz_btn_onhover\"><strong>Mus\u00e9e de la facult\u00e9<\/strong><i class=\"fa fa-angle-double-right\"><\/i><\/b><\/a><\/div><\/div><div class=\"cz_gap clr \" style=\"height: 20px\"><\/div>[\/vc_column][\/vc_row][vc_row][vc_column]<div class=\"cz_gap clr \" style=\"height: 50px\"><\/div>[\/vc_column][\/vc_row][vc_row gap=&#8221;10&#8243; title=&#8221;\u0645\u062c\u0644\u0633 \u0643\u0644\u064a\u0629&#8221; btn_position=&#8221;cz_btn_block&#8221; icon_type=&#8221;icon&#8221; icon_position=&#8221;after&#8221; btn_effect=&#8221;cz_btn_shine&#8221; text_effect=&#8221;cz_btn_txt_no_fx&#8221; hide_on_d=&#8221;&#8221; hide_on_t=&#8221;&#8221; hide_on_m=&#8221;&#8221; parallax_h=&#8221;&#8221; parallax_stop=&#8221;&#8221; mparallax=&#8221;0&#8243; id=&#8221;cz_92258&#8243; link=&#8221;url:https%3A%2F%2Fcolaw.uobaghdad.edu.iq%2F%3Fpage_id%3D15199|||&#8221; sk_button=&#8221;font-size:30px;background-color:transparent;background-image:linear-gradient(45deg,#000000,#102e5e,#000000);border-radius:15px 0 15px 0;&#8221; sk_hover=&#8221;border-radius:0 15px 0 15px;color:#ffffff;&#8221; icon=&#8221;fa fa-angle-double-right&#8221; subtitle=&#8221;&#8221; sk_button_mobile=&#8221;&#8221; sk_button_tablet=&#8221;&#8221; sk_subtitle=&#8221;&#8221; sk_subtitle_mobile=&#8221;&#8221; sk_subtitle_tablet=&#8221;&#8221; sk_subtitle_hover=&#8221;&#8221; cz_title=&#8221;&#8221; image=&#8221;&#8221; hover_image=&#8221;&#8221; image_size=&#8221;&#8221; sk_icon=&#8221;&#8221; sk_icon_mobile=&#8221;&#8221; sk_icon_hover=&#8221;&#8221; alt_title=&#8221;&#8221; alt_subtitle=&#8221;&#8221; sk_brfx=&#8221;&#8221; anim_delay=&#8221;&#8221; class=&#8221;&#8221; cz_button=&#8221;&#8221;][vc_column]<div class=\"cz_btn_block\"><div class=\"cz_105296_p\"><a id=\"cz_105296\" class=\"cz_105296 cz_btn cz_btn_txt_no_fx cz_btn_shine cz_btn_icon_after hide_on_tablet hide_on_mobile show_on_desktop\" href=\"https:\/\/fr.colaw.uobaghdad.edu.iq\/?page_id=455\" target=\"_blank\" title=\"Environnement et durabilit\u00e9\" aria-label=\"Environnement et durabilit\u00e9\"><span><strong>Environnement et durabilit\u00e9<\/strong><i class=\"fa fa-angle-double-right\"><\/i><\/span><b class=\"cz_btn_onhover\"><strong>Environnement et durabilit\u00e9<\/strong><i class=\"fa fa-angle-double-right\"><\/i><\/b><\/a><\/div><\/div><div class=\"cz_btn_block\"><div class=\"cz_15931_p\"><a id=\"cz_15931\" class=\"cz_15931 cz_btn cz_btn_txt_no_fx cz_btn_shine cz_btn_icon_after hide_on_desktop\" href=\"https:\/\/fr.colaw.uobaghdad.edu.iq\/?page_id=455\" target=\"_blank\" title=\"Environnement et durabilit\u00e9\" aria-label=\"Environnement et durabilit\u00e9\"><span><strong>Environnement et durabilit\u00e9<\/strong><i class=\"fa fa-angle-double-right\"><\/i><\/span><b class=\"cz_btn_onhover\"><strong>Environnement et durabilit\u00e9<\/strong><i class=\"fa fa-angle-double-right\"><\/i><\/b><\/a><\/div><\/div>[\/vc_column][\/vc_row]<\/p>\n<\/div>","protected":false},"excerpt":{"rendered":"<p>[vc_row equal_height=&#8221;yes&#8221; content_placement=&#8221;top&#8221; css=&#8221;.vc_custom_1687759140426{background-image: url(https:\/\/en.colaw.uobaghdad.edu.iq\/wp-content\/uploads\/sites\/73\/2022\/08\/Untitled-5.jpg?id=392) !important;}&#8221;][vc_column] La facult\u00e9 de droit de &#8230; <\/p>\n","protected":false},"author":18,"featured_media":0,"parent":0,"menu_order":0,"comment_status":"closed","ping_status":"closed","template":"","meta":{"_lmt_disableupdate":"no","_lmt_disable":"","footnotes":""},"class_list":["post-504","page","type-page","status-publish","hentry"],"yoast_head":"<!-- This site is optimized with the Yoast SEO plugin v25.8 - https:\/\/yoast.com\/wordpress\/plugins\/seo\/ -->\n<title>\u00c0 propos de la Facult\u00e9 - Facult\u00e9 de droit<\/title>\n<meta name=\"robots\" content=\"index, follow, max-snippet:-1, max-image-preview:large, max-video-preview:-1\" \/>\n<link rel=\"canonical\" href=\"https:\/\/fr.colaw.uobaghdad.edu.iq\/?page_id=504\" \/>\n<meta property=\"og:locale\" content=\"en_US\" \/>\n<meta property=\"og:type\" content=\"article\" \/>\n<meta property=\"og:title\" content=\"\u00c0 propos de la Facult\u00e9 - Facult\u00e9 de droit\" \/>\n<meta property=\"og:description\" content=\"[vc_row equal_height=&#8221;yes&#8221; content_placement=&#8221;top&#8221; css=&#8221;.vc_custom_1687759140426{background-image: url(https:\/\/en.colaw.uobaghdad.edu.iq\/wp-content\/uploads\/sites\/73\/2022\/08\/Untitled-5.jpg?id=392) !important;}&#8221;][vc_column] La facult\u00e9 de droit de ...\" \/>\n<meta property=\"og:url\" content=\"https:\/\/fr.colaw.uobaghdad.edu.iq\/?page_id=504\" \/>\n<meta property=\"og:site_name\" content=\"Facult\u00e9 de droit\" \/>\n<meta property=\"article:publisher\" content=\"https:\/\/www.facebook.com\/people\/---\/100076342836611\/\" \/>\n<meta property=\"article:modified_time\" content=\"2026-02-12T09:49:52+00:00\" \/>\n<meta name=\"twitter:card\" content=\"summary_large_image\" \/>\n<meta name=\"twitter:label1\" content=\"Est. reading time\" \/>\n\t<meta name=\"twitter:data1\" content=\"3 minutes\" \/>\n<script type=\"application\/ld+json\" class=\"yoast-schema-graph\">{\"@context\":\"https:\/\/schema.org\",\"@graph\":[{\"@type\":\"WebPage\",\"@id\":\"https:\/\/fr.colaw.uobaghdad.edu.iq\/?page_id=504\",\"url\":\"https:\/\/fr.colaw.uobaghdad.edu.iq\/?page_id=504\",\"name\":\"\u00c0 propos de la Facult\u00e9 - Facult\u00e9 de droit\",\"isPartOf\":{\"@id\":\"https:\/\/fr.colaw.uobaghdad.edu.iq\/#website\"},\"datePublished\":\"2023-06-26T05:59:03+00:00\",\"dateModified\":\"2026-02-12T09:49:52+00:00\",\"breadcrumb\":{\"@id\":\"https:\/\/fr.colaw.uobaghdad.edu.iq\/?page_id=504#breadcrumb\"},\"inLanguage\":\"en-US\",\"potentialAction\":[{\"@type\":\"ReadAction\",\"target\":[\"https:\/\/fr.colaw.uobaghdad.edu.iq\/?page_id=504\"]}]},{\"@type\":\"BreadcrumbList\",\"@id\":\"https:\/\/fr.colaw.uobaghdad.edu.iq\/?page_id=504#breadcrumb\",\"itemListElement\":[{\"@type\":\"ListItem\",\"position\":1,\"name\":\"Home\",\"item\":\"https:\/\/fr.colaw.uobaghdad.edu.iq\/\"},{\"@type\":\"ListItem\",\"position\":2,\"name\":\"\u00c0 propos de la Facult\u00e9\"}]},{\"@type\":\"WebSite\",\"@id\":\"https:\/\/fr.colaw.uobaghdad.edu.iq\/#website\",\"url\":\"https:\/\/fr.colaw.uobaghdad.edu.iq\/\",\"name\":\"Facult\u00e9 de droit\",\"description\":\"Universit\u00e9 de Bagdad\",\"publisher\":{\"@id\":\"https:\/\/fr.colaw.uobaghdad.edu.iq\/#organization\"},\"potentialAction\":[{\"@type\":\"SearchAction\",\"target\":{\"@type\":\"EntryPoint\",\"urlTemplate\":\"https:\/\/fr.colaw.uobaghdad.edu.iq\/?s={search_term_string}\"},\"query-input\":{\"@type\":\"PropertyValueSpecification\",\"valueRequired\":true,\"valueName\":\"search_term_string\"}}],\"inLanguage\":\"en-US\"},{\"@type\":\"Organization\",\"@id\":\"https:\/\/fr.colaw.uobaghdad.edu.iq\/#organization\",\"name\":\"Facult\u00e9 de droit\",\"url\":\"https:\/\/fr.colaw.uobaghdad.edu.iq\/\",\"logo\":{\"@type\":\"ImageObject\",\"inLanguage\":\"en-US\",\"@id\":\"https:\/\/fr.colaw.uobaghdad.edu.iq\/#\/schema\/logo\/image\/\",\"url\":\"https:\/\/fr.colaw.uobaghdad.edu.iq\/wp-content\/uploads\/sites\/102\/2024\/05\/WhatsApp-Image-2022-06-10-at-9.png\",\"contentUrl\":\"https:\/\/fr.colaw.uobaghdad.edu.iq\/wp-content\/uploads\/sites\/102\/2024\/05\/WhatsApp-Image-2022-06-10-at-9.png\",\"width\":874,\"height\":874,\"caption\":\"Facult\u00e9 de droit\"},\"image\":{\"@id\":\"https:\/\/fr.colaw.uobaghdad.edu.iq\/#\/schema\/logo\/image\/\"},\"sameAs\":[\"https:\/\/www.facebook.com\/people\/---\/100076342836611\/\",\"https:\/\/www.instagram.com\/baghdadlaw1908\/\",\"https:\/\/www.youtube.com\/@user-zq8ok2ib8f\/featured\",\"https:\/\/www.linkedin.com\/company\/---\/\"]}]}<\/script>\n<!-- \/ Yoast SEO plugin. -->","yoast_head_json":{"title":"\u00c0 propos de la Facult\u00e9 - Facult\u00e9 de droit","robots":{"index":"index","follow":"follow","max-snippet":"max-snippet:-1","max-image-preview":"max-image-preview:large","max-video-preview":"max-video-preview:-1"},"canonical":"https:\/\/fr.colaw.uobaghdad.edu.iq\/?page_id=504","og_locale":"en_US","og_type":"article","og_title":"\u00c0 propos de la Facult\u00e9 - Facult\u00e9 de droit","og_description":"[vc_row equal_height=&#8221;yes&#8221; content_placement=&#8221;top&#8221; css=&#8221;.vc_custom_1687759140426{background-image: url(https:\/\/en.colaw.uobaghdad.edu.iq\/wp-content\/uploads\/sites\/73\/2022\/08\/Untitled-5.jpg?id=392) !important;}&#8221;][vc_column] La facult\u00e9 de droit de ...","og_url":"https:\/\/fr.colaw.uobaghdad.edu.iq\/?page_id=504","og_site_name":"Facult\u00e9 de droit","article_publisher":"https:\/\/www.facebook.com\/people\/---\/100076342836611\/","article_modified_time":"2026-02-12T09:49:52+00:00","twitter_card":"summary_large_image","twitter_misc":{"Est. reading time":"3 minutes"},"schema":{"@context":"https:\/\/schema.org","@graph":[{"@type":"WebPage","@id":"https:\/\/fr.colaw.uobaghdad.edu.iq\/?page_id=504","url":"https:\/\/fr.colaw.uobaghdad.edu.iq\/?page_id=504","name":"\u00c0 propos de la Facult\u00e9 - Facult\u00e9 de droit","isPartOf":{"@id":"https:\/\/fr.colaw.uobaghdad.edu.iq\/#website"},"datePublished":"2023-06-26T05:59:03+00:00","dateModified":"2026-02-12T09:49:52+00:00","breadcrumb":{"@id":"https:\/\/fr.colaw.uobaghdad.edu.iq\/?page_id=504#breadcrumb"},"inLanguage":"en-US","potentialAction":[{"@type":"ReadAction","target":["https:\/\/fr.colaw.uobaghdad.edu.iq\/?page_id=504"]}]},{"@type":"BreadcrumbList","@id":"https:\/\/fr.colaw.uobaghdad.edu.iq\/?page_id=504#breadcrumb","itemListElement":[{"@type":"ListItem","position":1,"name":"Home","item":"https:\/\/fr.colaw.uobaghdad.edu.iq\/"},{"@type":"ListItem","position":2,"name":"\u00c0 propos de la Facult\u00e9"}]},{"@type":"WebSite","@id":"https:\/\/fr.colaw.uobaghdad.edu.iq\/#website","url":"https:\/\/fr.colaw.uobaghdad.edu.iq\/","name":"Facult\u00e9 de droit","description":"Universit\u00e9 de Bagdad","publisher":{"@id":"https:\/\/fr.colaw.uobaghdad.edu.iq\/#organization"},"potentialAction":[{"@type":"SearchAction","target":{"@type":"EntryPoint","urlTemplate":"https:\/\/fr.colaw.uobaghdad.edu.iq\/?s={search_term_string}"},"query-input":{"@type":"PropertyValueSpecification","valueRequired":true,"valueName":"search_term_string"}}],"inLanguage":"en-US"},{"@type":"Organization","@id":"https:\/\/fr.colaw.uobaghdad.edu.iq\/#organization","name":"Facult\u00e9 de droit","url":"https:\/\/fr.colaw.uobaghdad.edu.iq\/","logo":{"@type":"ImageObject","inLanguage":"en-US","@id":"https:\/\/fr.colaw.uobaghdad.edu.iq\/#\/schema\/logo\/image\/","url":"https:\/\/fr.colaw.uobaghdad.edu.iq\/wp-content\/uploads\/sites\/102\/2024\/05\/WhatsApp-Image-2022-06-10-at-9.png","contentUrl":"https:\/\/fr.colaw.uobaghdad.edu.iq\/wp-content\/uploads\/sites\/102\/2024\/05\/WhatsApp-Image-2022-06-10-at-9.png","width":874,"height":874,"caption":"Facult\u00e9 de droit"},"image":{"@id":"https:\/\/fr.colaw.uobaghdad.edu.iq\/#\/schema\/logo\/image\/"},"sameAs":["https:\/\/www.facebook.com\/people\/---\/100076342836611\/","https:\/\/www.instagram.com\/baghdadlaw1908\/","https:\/\/www.youtube.com\/@user-zq8ok2ib8f\/featured","https:\/\/www.linkedin.com\/company\/---\/"]}]}},"_links":{"self":[{"href":"https:\/\/fr.colaw.uobaghdad.edu.iq\/index.php?rest_route=\/wp\/v2\/pages\/504","targetHints":{"allow":["GET"]}}],"collection":[{"href":"https:\/\/fr.colaw.uobaghdad.edu.iq\/index.php?rest_route=\/wp\/v2\/pages"}],"about":[{"href":"https:\/\/fr.colaw.uobaghdad.edu.iq\/index.php?rest_route=\/wp\/v2\/types\/page"}],"author":[{"embeddable":true,"href":"https:\/\/fr.colaw.uobaghdad.edu.iq\/index.php?rest_route=\/wp\/v2\/users\/18"}],"replies":[{"embeddable":true,"href":"https:\/\/fr.colaw.uobaghdad.edu.iq\/index.php?rest_route=%2Fwp%2Fv2%2Fcomments&post=504"}],"version-history":[{"count":1,"href":"https:\/\/fr.colaw.uobaghdad.edu.iq\/index.php?rest_route=\/wp\/v2\/pages\/504\/revisions"}],"predecessor-version":[{"id":5405,"href":"https:\/\/fr.colaw.uobaghdad.edu.iq\/index.php?rest_route=\/wp\/v2\/pages\/504\/revisions\/5405"}],"wp:attachment":[{"href":"https:\/\/fr.colaw.uobaghdad.edu.iq\/index.php?rest_route=%2Fwp%2Fv2%2Fmedia&parent=504"}],"curies":[{"name":"wp","href":"https:\/\/api.w.org\/{rel}","templated":true}]}}